{"id":3165,"date":"2019-05-20T10:06:01","date_gmt":"2019-05-20T08:06:01","guid":{"rendered":"http:\/\/www.diamond-consult.com\/consultant\/30-ans-dexperience-copy\/"},"modified":"2022-01-26T17:23:37","modified_gmt":"2022-01-26T16:23:37","slug":"webographie","status":"publish","type":"page","link":"https:\/\/www.diamond-consult.com\/consultant\/webographie\/","title":{"rendered":"Webographie"},"content":{"rendered":"<p>[vc_section css=\u00a0\u00bb.vc_custom_1497455841382{border-bottom-width: 1px !important;background-color: #f7f8fa !important;border-bottom-color: #dddddd !important;border-bottom-style: solid !important;}\u00a0\u00bb][vc_row][vc_column]<div class=\"wpb_content_element \"><style type=\"text\/css\" scoped><\/style><header id=\"ut_header_69f0bc8842350\" class=\"section-header ut-no-title-linebreak-mobile ut-no-lead-linebreak-mobile pt-style-7 header-center element-with-custom-line-height\"><h2  class=\"section-title \"><span>Webographie<\/span><\/h2><\/header><\/div>[\/vc_column][\/vc_row][vc_row][vc_column width=\u00a0\u00bb1\/2&Prime;][vc_column_text el_class=\u00a0\u00bbjustifier\u00a0\u00bb]La nature notre grand maitre : <a href=\"http:\/\/Biomim\u00e9tisme et innovation : la nature notre grand Ma\u00eetre !\">Sido Biomimetisme septembre 2021<\/a>[\/vc_column_text][vc_column_text el_class=\u00a0\u00bbjustifier\u00a0\u00bb]Les innovation incr\u00e9mentales du CES 2022 selon <a href=\"https:\/\/www.oezratty.net\/wordpress\/2022\/innovation-incrementale-ces-2022\/\">Olivier Ezrati.<\/a>[\/vc_column_text][vc_column_text el_class=\u00a0\u00bbjustifier\u00a0\u00bb]Statistiques sur les usages du num\u00e9rique en France : <a href=\"https:\/\/www.slideshare.net\/DataReportal\/digital-2020-france-january-2020-v01?ref=https:\/\/s3-ap-southeast-1.amazonaws.com\/datareportal\/digital\/2020\/wearesocial\/en\/digital-2020-wearesocial-en-france.htm\" target=\"_blank\" rel=\"noopener noreferrer\">Etude We Are Social<\/a>[\/vc_column_text][vc_column_text el_class=\u00a0\u00bbjustifier\u00a0\u00bb]<a href=\"https:\/\/www.ssi.gouv.fr\/guide\/la-cybersecurite-pour-les-tpepme-en-douze-questions\/\">Agence de s\u00e9curit\u00e9 des syst\u00e8mes d&rsquo;information : 12 questions pour cerner la cybers\u00e9curit\u00e9 en TPE PME<\/a> @Anssi_fr[\/vc_column_text][vc_column_text el_class=\u00a0\u00bbjustifier\u00a0\u00bb]<a href=\"https:\/\/quiz-digital-incollables.playbac.fr\/deviens-un-super-heros-du-net\/39\">Les incollables : \u00e9dition sp\u00e9ciale cybers\u00e9curit\u00e9<\/a>[\/vc_column_text][vc_column_text el_class=\u00a0\u00bbjustifier\u00a0\u00bb]<a href=\"https:\/\/www.cnil.fr\/fr\/la-cnil-publie-son-rapport-dactivite-2020\"><b>CNIL Rapport d&rsquo;activit\u00e9s 2020 Commission Nationale de l&rsquo;Informatique et des Libert\u00e9s\u00a0<\/b><\/a> @CNIL[\/vc_column_text][vc_column_text el_class=\u00a0\u00bbjustifier\u00a0\u00bb]<a href=\"https:\/\/www.cnil.fr\/fr\/1-de-rgpd-une-prise-de-conscience-inedite\"><b>CNIL RGPD de quoi parle t&rsquo;on : <\/b><\/a> @CNIL[\/vc_column_text][vc_column_text el_class=\u00a0\u00bbjustifier\u00a0\u00bb]<a href=\"http:\/\/christian.hohmann.free.fr\/index.php\/management-du-changement\/351-huit-etapes-du-changement-selon-kotter\">Huit \u00e9tapes du changement selon le Professeur Kotter\u00a0<\/a>[\/vc_column_text][vc_column_text el_class=\u00a0\u00bbjustifier\u00a0\u00bb]La <a href=\"http:\/\/www.emploiparlonsnet.pole-emploi.org\/articles\/la-creativite-est-devenue-une-competence-cle\/\">cr\u00e9ativit\u00e9<\/a> est une comp\u00e9tence clef, selon Ken Robinson[\/vc_column_text][vc_column_text el_class=\u00a0\u00bbjustifier\u00a0\u00bb]Les comp\u00e9tences clefs du 21\u00e8me si\u00e8cle selon <a href=\"https:\/\/unesdoc.unesco.org\/ark:\/48223\/pf0000242996_fre\">l&rsquo;UNESCO<\/a> et l&rsquo;OCDE[\/vc_column_text][vc_column_text el_class=\u00a0\u00bbjustifier\u00a0\u00bb]Le barom\u00e8tre du num\u00e9rique : <a href=\"https:\/\/www.credoc.fr\/publications\/barometre-du-numerique-2019\">Enqu\u00eate du Credoc<\/a> : Conditions de vie et aspirations des fran\u00e7ais[\/vc_column_text][vc_column_text el_class=\u00a0\u00bbjustifier\u00a0\u00bb]Agir pour la sobri\u00e9t\u00e9 num\u00e9rique : suivez les travaux du \u00ab\u00a0<a href=\"https:\/\/theshiftproject.org\/\">Shift Project<\/a>\u00a0\u00bb et les solutions propos\u00e9es dans le livre blanc de l&rsquo;<a href=\"https:\/\/eco-communication.ademe.fr\/actu-livre-blanc-numerique-et-environnement\">ADEME<\/a>.[\/vc_column_text][vc_column_text el_class=\u00a0\u00bbjustifier\u00a0\u00bb]Rapport sur la sobri\u00e9t\u00e9 num\u00e9rique\u00a0 \u00ab\u00a0<a href=\"https:\/\/theshiftproject.org\/article\/deployer-la-sobriete-numerique-rapport-shift\/\">Shift Project<\/a>\u00ab\u00a0[\/vc_column_text][\/vc_column][vc_column width=\u00a0\u00bb1\/2\u00a0\u00bb]<div class=\"wpb_content_element   clearfix\">            \r\n            <script type=\"text\/javascript\">\r\n                \r\n                (function($){\r\n                    \r\n                    $(document).ready(function(){\r\n                                                \r\n                        function get_animated_objects( $all_appeared_elements, effect ) {\r\n                            \r\n                            var counter = 0;\r\n                            \r\n                            $all_appeared_elements.each(function(){\r\n                                        \r\n                                if( $(this).hasClass(effect) ) {\r\n\r\n                                    counter++;\r\n\r\n                                }\r\n\r\n                            });\r\n                            \r\n                            return counter;\r\n                            \r\n                        }\r\n\t\t\t\t\t\t\r\n\t\t\t\t\t\t\t\t\t\t\t\t\r\n\t\t\t\t\t\t\t$(\"#ut_ig_69f0bc88424e3 .ut-image-gallery-item\").appear();\t\t\t\t\t\t\r\n\t\t\t\t\t\t\r\n\t\t\t\t\t\t\t$(document.body).on('appear', '#ut_ig_69f0bc88424e3 .ut-image-gallery-item', function( event, $all_appeared_elements ) {\r\n\t\t\t\t\t\t\t\t\r\n\t\t\t\t\t\t\t\tvar $this = $(this);\r\n\t\t\t\t\t\t\t\t\r\n\t\t\t\t\t\t\t\tif( !$this.hasClass('ut-image-loaded') ) {\r\n                                    return; \r\n                                }\r\n\t\t\t\t\t\t\t\t\t\t\t\t\t\t\t\t\r\n\t\t\t\t\t\t\t\t$this.delay( 100 * ( $all_appeared_elements.index(this) - get_animated_objects( $all_appeared_elements, 'appeared' ) ) ).queue( function() {\r\n\t\t\t\t\r\n\t\t\t\t\t\t\t\t\t$this.addClass('appeared');\r\n\r\n\t\t\t\t\t\t\t\t});\r\n\t\t\t\t\t\t\t\t\r\n\t\t\t\t\t\t\t\t\r\n\t\t\t\t\t\t\t});\t\t\t\t\t\t\r\n\t\t\t\t\t\t\r\n\t\t\t\t\t\t\t\t\t\t\t\t\r\n\t\t\t\t\t\t\r\n                        \t\t\t\t\t\t\r\n\t\t\t\t\t\t$('#ut_ig_69f0bc88424e3').lightGallery({\r\n\t\t\t\t\t\t\tselector: '.ut-vc-images-lightbox-group-image',\r\n\t\t\t\t\t\t\texThumbImage: 'data-exthumbimage',\r\n\t\t\t\t\t\t\tdownload: site_settings.lg_download,\r\n\t\t\t\t\t\t\thash: false\r\n\t\t\t\t\t\t});\t\t\t\t\t\t\r\n  \r\n                    });\r\n                        \r\n                })(jQuery);\r\n            \r\n            <\/script>\r\n            \r\n            <style type=\"text\/css\" scoped>#ut_ig_69f0bc88424e3 .ut-lazy:not(.ut-image-loaded) + .ut-video-module-loading { display:block; }#ut_ig_69f0bc88424e3 .ut-lazy.ut-image-loaded + .ut-video-module-loading { display:none; }<\/style><div id=\"ut_ig_69f0bc88424e3\" class=\"ut-image-gallery  clearfix\"><div  data-count=\"1\" class=\"ut-image-gallery-item ut-animation-done grid-100 tablet-grid-100 mobile-grid-100 \"><a  class=\"ut-vc-images-lightbox ut-vc-images-lightbox-group-image\"  data-exthumbimage=\"https:\/\/www.diamond-consult.com\/consultant\/wp-content\/uploads\/2019\/05\/logo_anssi.png\" href=\"https:\/\/www.diamond-consult.com\/consultant\/wp-content\/uploads\/2019\/05\/logo_anssi.png\"><div class=\"ut-image-gallery-image \"><img loading=\"lazy\" decoding=\"async\"  class=\" ut-lazy skip-lazy\" src=\"data:image\/svg+xml;charset=utf-8,%3Csvg xmlns%3D'http%3A%2F%2Fwww.w3.org%2F2000%2Fsvg' viewBox%3D'0 0 80 80'%2F%3E\" data-src=\"https:\/\/www.diamond-consult.com\/consultant\/wp-content\/uploads\/2019\/05\/logo_anssi.png\" width=\"80\" height=\"80\"><\/div><\/a><\/div><div class=\"clear\"><\/div><\/div><\/div><div class=\"wpb_content_element   clearfix\">            \r\n            <script type=\"text\/javascript\">\r\n                \r\n                (function($){\r\n                    \r\n                    $(document).ready(function(){\r\n                                                \r\n                        function get_animated_objects( $all_appeared_elements, effect ) {\r\n                            \r\n                            var counter = 0;\r\n                            \r\n                            $all_appeared_elements.each(function(){\r\n                                        \r\n                                if( $(this).hasClass(effect) ) {\r\n\r\n                                    counter++;\r\n\r\n                                }\r\n\r\n                            });\r\n                            \r\n                            return counter;\r\n                            \r\n                        }\r\n\t\t\t\t\t\t\r\n\t\t\t\t\t\t\t\t\t\t\t\t\r\n\t\t\t\t\t\t\t$(\"#ut_ig_69f0bc88433cc .ut-image-gallery-item\").appear();\t\t\t\t\t\t\r\n\t\t\t\t\t\t\r\n\t\t\t\t\t\t\t$(document.body).on('appear', '#ut_ig_69f0bc88433cc .ut-image-gallery-item', function( event, $all_appeared_elements ) {\r\n\t\t\t\t\t\t\t\t\r\n\t\t\t\t\t\t\t\tvar $this = $(this);\r\n\t\t\t\t\t\t\t\t\r\n\t\t\t\t\t\t\t\tif( !$this.hasClass('ut-image-loaded') ) {\r\n                                    return; \r\n                                }\r\n\t\t\t\t\t\t\t\t\t\t\t\t\t\t\t\t\r\n\t\t\t\t\t\t\t\t$this.delay( 100 * ( $all_appeared_elements.index(this) - get_animated_objects( $all_appeared_elements, 'appeared' ) ) ).queue( function() {\r\n\t\t\t\t\r\n\t\t\t\t\t\t\t\t\t$this.addClass('appeared');\r\n\r\n\t\t\t\t\t\t\t\t});\r\n\t\t\t\t\t\t\t\t\r\n\t\t\t\t\t\t\t\t\r\n\t\t\t\t\t\t\t});\t\t\t\t\t\t\r\n\t\t\t\t\t\t\r\n\t\t\t\t\t\t\t\t\t\t\t\t\r\n\t\t\t\t\t\t\r\n                        \t\t\t\t\t\t\r\n\t\t\t\t\t\t$('#ut_ig_69f0bc88433cc').lightGallery({\r\n\t\t\t\t\t\t\tselector: '.ut-vc-images-lightbox-group-image',\r\n\t\t\t\t\t\t\texThumbImage: 'data-exthumbimage',\r\n\t\t\t\t\t\t\tdownload: site_settings.lg_download,\r\n\t\t\t\t\t\t\thash: false\r\n\t\t\t\t\t\t});\t\t\t\t\t\t\r\n  \r\n                    });\r\n                        \r\n                })(jQuery);\r\n            \r\n            <\/script>\r\n            \r\n            <style type=\"text\/css\" scoped>#ut_ig_69f0bc88433cc .ut-lazy:not(.ut-image-loaded) + .ut-video-module-loading { display:block; }#ut_ig_69f0bc88433cc .ut-lazy.ut-image-loaded + .ut-video-module-loading { display:none; }<\/style><div id=\"ut_ig_69f0bc88433cc\" class=\"ut-image-gallery  clearfix\"><div  data-count=\"1\" class=\"ut-image-gallery-item ut-animation-done grid-100 tablet-grid-100 mobile-grid-100 \"><a  class=\"ut-vc-images-lightbox ut-vc-images-lightbox-group-image\"  data-exthumbimage=\"https:\/\/www.diamond-consult.com\/consultant\/wp-content\/uploads\/2019\/06\/cnil_logo-large-1.png\" href=\"https:\/\/www.diamond-consult.com\/consultant\/wp-content\/uploads\/2019\/06\/cnil_logo-large-1.png\"><div class=\"ut-image-gallery-image \"><img loading=\"lazy\" decoding=\"async\"  class=\" ut-lazy skip-lazy\" src=\"data:image\/svg+xml;charset=utf-8,%3Csvg xmlns%3D'http%3A%2F%2Fwww.w3.org%2F2000%2Fsvg' viewBox%3D'0 0 129 22'%2F%3E\" data-src=\"https:\/\/www.diamond-consult.com\/consultant\/wp-content\/uploads\/2019\/06\/cnil_logo-large-1.png\" width=\"129\" height=\"22\"><\/div><\/a><\/div><div class=\"clear\"><\/div><\/div><\/div><div class=\"wpb_content_element   clearfix\">            \r\n            <script type=\"text\/javascript\">\r\n                \r\n                (function($){\r\n                    \r\n                    $(document).ready(function(){\r\n                                                \r\n                        function get_animated_objects( $all_appeared_elements, effect ) {\r\n                            \r\n                            var counter = 0;\r\n                            \r\n                            $all_appeared_elements.each(function(){\r\n                                        \r\n                                if( $(this).hasClass(effect) ) {\r\n\r\n                                    counter++;\r\n\r\n                                }\r\n\r\n                            });\r\n                            \r\n                            return counter;\r\n                            \r\n                        }\r\n\t\t\t\t\t\t\r\n\t\t\t\t\t\t\t\t\t\t\t\t\r\n\t\t\t\t\t\t\t$(\"#ut_ig_69f0bc8843f42 .ut-image-gallery-item\").appear();\t\t\t\t\t\t\r\n\t\t\t\t\t\t\r\n\t\t\t\t\t\t\t$(document.body).on('appear', '#ut_ig_69f0bc8843f42 .ut-image-gallery-item', function( event, $all_appeared_elements ) {\r\n\t\t\t\t\t\t\t\t\r\n\t\t\t\t\t\t\t\tvar $this = $(this);\r\n\t\t\t\t\t\t\t\t\r\n\t\t\t\t\t\t\t\tif( !$this.hasClass('ut-image-loaded') ) {\r\n                                    return; \r\n                                }\r\n\t\t\t\t\t\t\t\t\t\t\t\t\t\t\t\t\r\n\t\t\t\t\t\t\t\t$this.delay( 100 * ( $all_appeared_elements.index(this) - get_animated_objects( $all_appeared_elements, 'appeared' ) ) ).queue( function() {\r\n\t\t\t\t\r\n\t\t\t\t\t\t\t\t\t$this.addClass('appeared');\r\n\r\n\t\t\t\t\t\t\t\t});\r\n\t\t\t\t\t\t\t\t\r\n\t\t\t\t\t\t\t\t\r\n\t\t\t\t\t\t\t});\t\t\t\t\t\t\r\n\t\t\t\t\t\t\r\n\t\t\t\t\t\t\t\t\t\t\t\t\r\n\t\t\t\t\t\t\r\n                        \t\t\t\t\t\t\r\n\t\t\t\t\t\t$('#ut_ig_69f0bc8843f42').lightGallery({\r\n\t\t\t\t\t\t\tselector: '.ut-vc-images-lightbox-group-image',\r\n\t\t\t\t\t\t\texThumbImage: 'data-exthumbimage',\r\n\t\t\t\t\t\t\tdownload: site_settings.lg_download,\r\n\t\t\t\t\t\t\thash: false\r\n\t\t\t\t\t\t});\t\t\t\t\t\t\r\n  \r\n                    });\r\n                        \r\n                })(jQuery);\r\n            \r\n            <\/script>\r\n            \r\n            <style type=\"text\/css\" scoped>#ut_ig_69f0bc8843f42 .ut-lazy:not(.ut-image-loaded) + .ut-video-module-loading { display:block; }#ut_ig_69f0bc8843f42 .ut-lazy.ut-image-loaded + .ut-video-module-loading { display:none; }<\/style><div id=\"ut_ig_69f0bc8843f42\" class=\"ut-image-gallery  clearfix\"><div  data-count=\"1\" class=\"ut-image-gallery-item ut-animation-done grid-100 tablet-grid-100 mobile-grid-100 \"><a  class=\"ut-vc-images-lightbox ut-vc-images-lightbox-group-image\"  data-exthumbimage=\"https:\/\/www.diamond-consult.com\/consultant\/wp-content\/uploads\/2019\/05\/Pierre-Capelli-changement-200x200.jpg\" href=\"https:\/\/www.diamond-consult.com\/consultant\/wp-content\/uploads\/2019\/05\/Pierre-Capelli-changement-714x720.jpg\"><div class=\"ut-image-gallery-image \"><img loading=\"lazy\" decoding=\"async\"  class=\" ut-lazy skip-lazy\" src=\"data:image\/svg+xml;charset=utf-8,%3Csvg xmlns%3D'http%3A%2F%2Fwww.w3.org%2F2000%2Fsvg' viewBox%3D'0 0 150 150'%2F%3E\" data-src=\"https:\/\/www.diamond-consult.com\/consultant\/wp-content\/uploads\/2019\/05\/Pierre-Capelli-changement-150x150.jpg\" width=\"150\" height=\"150\"><\/div><\/a><\/div><div class=\"clear\"><\/div><\/div><\/div><div class=\"wpb_content_element   clearfix\">            \r\n            <script type=\"text\/javascript\">\r\n                \r\n                (function($){\r\n                    \r\n                    $(document).ready(function(){\r\n                                                \r\n                        function get_animated_objects( $all_appeared_elements, effect ) {\r\n                            \r\n                            var counter = 0;\r\n                            \r\n                            $all_appeared_elements.each(function(){\r\n                                        \r\n                                if( $(this).hasClass(effect) ) {\r\n\r\n                                    counter++;\r\n\r\n                                }\r\n\r\n                            });\r\n                            \r\n                            return counter;\r\n                            \r\n                        }\r\n\t\t\t\t\t\t\r\n\t\t\t\t\t\t\t\t\t\t\t\t\r\n\t\t\t\t\t\t\t$(\"#ut_ig_69f0bc8844d10 .ut-image-gallery-item\").appear();\t\t\t\t\t\t\r\n\t\t\t\t\t\t\r\n\t\t\t\t\t\t\t$(document.body).on('appear', '#ut_ig_69f0bc8844d10 .ut-image-gallery-item', function( event, $all_appeared_elements ) {\r\n\t\t\t\t\t\t\t\t\r\n\t\t\t\t\t\t\t\tvar $this = $(this);\r\n\t\t\t\t\t\t\t\t\r\n\t\t\t\t\t\t\t\tif( !$this.hasClass('ut-image-loaded') ) {\r\n                                    return; \r\n                                }\r\n\t\t\t\t\t\t\t\t\t\t\t\t\t\t\t\t\r\n\t\t\t\t\t\t\t\t$this.delay( 100 * ( $all_appeared_elements.index(this) - get_animated_objects( $all_appeared_elements, 'appeared' ) ) ).queue( function() {\r\n\t\t\t\t\r\n\t\t\t\t\t\t\t\t\t$this.addClass('appeared');\r\n\r\n\t\t\t\t\t\t\t\t});\r\n\t\t\t\t\t\t\t\t\r\n\t\t\t\t\t\t\t\t\r\n\t\t\t\t\t\t\t});\t\t\t\t\t\t\r\n\t\t\t\t\t\t\r\n\t\t\t\t\t\t\t\t\t\t\t\t\r\n\t\t\t\t\t\t\r\n                        \t\t\t\t\t\t\r\n\t\t\t\t\t\t$('#ut_ig_69f0bc8844d10').lightGallery({\r\n\t\t\t\t\t\t\tselector: '.ut-vc-images-lightbox-group-image',\r\n\t\t\t\t\t\t\texThumbImage: 'data-exthumbimage',\r\n\t\t\t\t\t\t\tdownload: site_settings.lg_download,\r\n\t\t\t\t\t\t\thash: false\r\n\t\t\t\t\t\t});\t\t\t\t\t\t\r\n  \r\n                    });\r\n                        \r\n                })(jQuery);\r\n            \r\n            <\/script>\r\n            \r\n            <style type=\"text\/css\" scoped>#ut_ig_69f0bc8844d10 .ut-lazy:not(.ut-image-loaded) + .ut-video-module-loading { display:block; }#ut_ig_69f0bc8844d10 .ut-lazy.ut-image-loaded + .ut-video-module-loading { display:none; }<\/style><div id=\"ut_ig_69f0bc8844d10\" class=\"ut-image-gallery  clearfix\"><div  data-count=\"1\" class=\"ut-image-gallery-item ut-animation-done grid-100 tablet-grid-100 mobile-grid-100 \"><a  class=\"ut-vc-images-lightbox ut-vc-images-lightbox-group-image\"  data-exthumbimage=\"https:\/\/www.diamond-consult.com\/consultant\/wp-content\/uploads\/2020\/03\/karine-agathe-2-200x200.jpg\" href=\"https:\/\/www.diamond-consult.com\/consultant\/wp-content\/uploads\/2020\/03\/karine-agathe-2-565x720.jpg\"><div class=\"ut-image-gallery-image \"><img loading=\"lazy\" decoding=\"async\"  class=\" ut-lazy skip-lazy\" src=\"data:image\/svg+xml;charset=utf-8,%3Csvg xmlns%3D'http%3A%2F%2Fwww.w3.org%2F2000%2Fsvg' viewBox%3D'0 0 150 150'%2F%3E\" data-src=\"https:\/\/www.diamond-consult.com\/consultant\/wp-content\/uploads\/2020\/03\/karine-agathe-2-150x150.jpg\" width=\"150\" height=\"150\"><\/div><\/a><\/div><div class=\"clear\"><\/div><\/div><\/div>[\/vc_column][\/vc_row][\/vc_section]<\/p>\n","protected":false},"excerpt":{"rendered":"<p>[vc_section css=\u00a0\u00bb.vc_custom_1497455841382{border-bottom-width: 1px !important;background-color: #f7f8fa !important;border-bottom-color: #dddddd !important;border-bottom-style: solid !important;}\u00a0\u00bb][vc_row][vc_column][\/vc_column][\/vc_row][vc_row][vc_column width=\u00a0\u00bb1\/2&Prime;][vc_column_text el_class=\u00a0\u00bbjustifier\u00a0\u00bb]La nature notre grand maitre : Sido Biomimetisme septembre 2021[\/vc_column_text][vc_column_text el_class=\u00a0\u00bbjustifier\u00a0\u00bb]Les innovation incr\u00e9mentales du CES 2022 selon Olivier Ezrati.[\/vc_column_text][vc_column_text el_class=\u00a0\u00bbjustifier\u00a0\u00bb]Statistiques sur les usages du num\u00e9rique en France : Etude We Are Social[\/vc_column_text][vc_column_text el_class=\u00a0\u00bbjustifier\u00a0\u00bb]Agence de s\u00e9curit\u00e9 des syst\u00e8mes d&rsquo;information : 12 questions pour cerner la [&hellip;]<\/p>\n","protected":false},"author":1,"featured_media":0,"parent":0,"menu_order":0,"comment_status":"closed","ping_status":"closed","template":"","meta":{"footnotes":""},"yoast_head":"<!-- This site is optimized with the Yoast SEO plugin v22.9 - https:\/\/yoast.com\/wordpress\/plugins\/seo\/ -->\n<title>Webographie - Diamond Consult<\/title>\n<meta name=\"robots\" content=\"index, follow, max-snippet:-1, max-image-preview:large, max-video-preview:-1\" \/>\n<link rel=\"canonical\" href=\"https:\/\/www.diamond-consult.com\/consultant\/webographie\/\" \/>\n<meta property=\"og:locale\" content=\"fr_FR\" \/>\n<meta property=\"og:type\" content=\"article\" \/>\n<meta property=\"og:title\" content=\"Webographie - Diamond Consult\" \/>\n<meta property=\"og:description\" content=\"[vc_section css=\u00a0\u00bb.vc_custom_1497455841382{border-bottom-width: 1px !important;background-color: #f7f8fa !important;border-bottom-color: #dddddd !important;border-bottom-style: solid !important;}\u00a0\u00bb][vc_row][vc_column][\/vc_column][\/vc_row][vc_row][vc_column width=\u00a0\u00bb1\/2&Prime;][vc_column_text el_class=\u00a0\u00bbjustifier\u00a0\u00bb]La nature notre grand maitre : Sido Biomimetisme septembre 2021[\/vc_column_text][vc_column_text el_class=\u00a0\u00bbjustifier\u00a0\u00bb]Les innovation incr\u00e9mentales du CES 2022 selon Olivier Ezrati.[\/vc_column_text][vc_column_text el_class=\u00a0\u00bbjustifier\u00a0\u00bb]Statistiques sur les usages du num\u00e9rique en France : Etude We Are Social[\/vc_column_text][vc_column_text el_class=\u00a0\u00bbjustifier\u00a0\u00bb]Agence de s\u00e9curit\u00e9 des syst\u00e8mes d&rsquo;information : 12 questions pour cerner la [&hellip;]\" \/>\n<meta property=\"og:url\" content=\"https:\/\/www.diamond-consult.com\/consultant\/webographie\/\" \/>\n<meta property=\"og:site_name\" content=\"Diamond Consult\" \/>\n<meta property=\"article:modified_time\" content=\"2022-01-26T16:23:37+00:00\" \/>\n<meta name=\"twitter:card\" content=\"summary_large_image\" \/>\n<meta name=\"twitter:label1\" content=\"Dur\u00e9e de lecture estim\u00e9e\" \/>\n\t<meta name=\"twitter:data1\" content=\"1 minute\" \/>\n<script type=\"application\/ld+json\" class=\"yoast-schema-graph\">{\"@context\":\"https:\/\/schema.org\",\"@graph\":[{\"@type\":\"WebPage\",\"@id\":\"https:\/\/www.diamond-consult.com\/consultant\/webographie\/\",\"url\":\"https:\/\/www.diamond-consult.com\/consultant\/webographie\/\",\"name\":\"Webographie - Diamond Consult\",\"isPartOf\":{\"@id\":\"https:\/\/www.diamond-consult.com\/consultant\/#website\"},\"datePublished\":\"2019-05-20T08:06:01+00:00\",\"dateModified\":\"2022-01-26T16:23:37+00:00\",\"breadcrumb\":{\"@id\":\"https:\/\/www.diamond-consult.com\/consultant\/webographie\/#breadcrumb\"},\"inLanguage\":\"fr-FR\",\"potentialAction\":[{\"@type\":\"ReadAction\",\"target\":[\"https:\/\/www.diamond-consult.com\/consultant\/webographie\/\"]}]},{\"@type\":\"BreadcrumbList\",\"@id\":\"https:\/\/www.diamond-consult.com\/consultant\/webographie\/#breadcrumb\",\"itemListElement\":[{\"@type\":\"ListItem\",\"position\":1,\"name\":\"Accueil\",\"item\":\"https:\/\/www.diamond-consult.com\/consultant\/\"},{\"@type\":\"ListItem\",\"position\":2,\"name\":\"Webographie\"}]},{\"@type\":\"WebSite\",\"@id\":\"https:\/\/www.diamond-consult.com\/consultant\/#website\",\"url\":\"https:\/\/www.diamond-consult.com\/consultant\/\",\"name\":\"Diamond Consult\",\"description\":\"Cr\u00e9ativit\u00e9 collective et transformation digitale\",\"potentialAction\":[{\"@type\":\"SearchAction\",\"target\":{\"@type\":\"EntryPoint\",\"urlTemplate\":\"https:\/\/www.diamond-consult.com\/consultant\/?s={search_term_string}\"},\"query-input\":\"required name=search_term_string\"}],\"inLanguage\":\"fr-FR\"}]}<\/script>\n<!-- \/ Yoast SEO plugin. -->","yoast_head_json":{"title":"Webographie - Diamond Consult","robots":{"index":"index","follow":"follow","max-snippet":"max-snippet:-1","max-image-preview":"max-image-preview:large","max-video-preview":"max-video-preview:-1"},"canonical":"https:\/\/www.diamond-consult.com\/consultant\/webographie\/","og_locale":"fr_FR","og_type":"article","og_title":"Webographie - Diamond Consult","og_description":"[vc_section css=\u00a0\u00bb.vc_custom_1497455841382{border-bottom-width: 1px !important;background-color: #f7f8fa !important;border-bottom-color: #dddddd !important;border-bottom-style: solid !important;}\u00a0\u00bb][vc_row][vc_column][\/vc_column][\/vc_row][vc_row][vc_column width=\u00a0\u00bb1\/2&Prime;][vc_column_text el_class=\u00a0\u00bbjustifier\u00a0\u00bb]La nature notre grand maitre : Sido Biomimetisme septembre 2021[\/vc_column_text][vc_column_text el_class=\u00a0\u00bbjustifier\u00a0\u00bb]Les innovation incr\u00e9mentales du CES 2022 selon Olivier Ezrati.[\/vc_column_text][vc_column_text el_class=\u00a0\u00bbjustifier\u00a0\u00bb]Statistiques sur les usages du num\u00e9rique en France : Etude We Are Social[\/vc_column_text][vc_column_text el_class=\u00a0\u00bbjustifier\u00a0\u00bb]Agence de s\u00e9curit\u00e9 des syst\u00e8mes d&rsquo;information : 12 questions pour cerner la [&hellip;]","og_url":"https:\/\/www.diamond-consult.com\/consultant\/webographie\/","og_site_name":"Diamond Consult","article_modified_time":"2022-01-26T16:23:37+00:00","twitter_card":"summary_large_image","twitter_misc":{"Dur\u00e9e de lecture estim\u00e9e":"1 minute"},"schema":{"@context":"https:\/\/schema.org","@graph":[{"@type":"WebPage","@id":"https:\/\/www.diamond-consult.com\/consultant\/webographie\/","url":"https:\/\/www.diamond-consult.com\/consultant\/webographie\/","name":"Webographie - Diamond Consult","isPartOf":{"@id":"https:\/\/www.diamond-consult.com\/consultant\/#website"},"datePublished":"2019-05-20T08:06:01+00:00","dateModified":"2022-01-26T16:23:37+00:00","breadcrumb":{"@id":"https:\/\/www.diamond-consult.com\/consultant\/webographie\/#breadcrumb"},"inLanguage":"fr-FR","potentialAction":[{"@type":"ReadAction","target":["https:\/\/www.diamond-consult.com\/consultant\/webographie\/"]}]},{"@type":"BreadcrumbList","@id":"https:\/\/www.diamond-consult.com\/consultant\/webographie\/#breadcrumb","itemListElement":[{"@type":"ListItem","position":1,"name":"Accueil","item":"https:\/\/www.diamond-consult.com\/consultant\/"},{"@type":"ListItem","position":2,"name":"Webographie"}]},{"@type":"WebSite","@id":"https:\/\/www.diamond-consult.com\/consultant\/#website","url":"https:\/\/www.diamond-consult.com\/consultant\/","name":"Diamond Consult","description":"Cr\u00e9ativit\u00e9 collective et transformation digitale","potentialAction":[{"@type":"SearchAction","target":{"@type":"EntryPoint","urlTemplate":"https:\/\/www.diamond-consult.com\/consultant\/?s={search_term_string}"},"query-input":"required name=search_term_string"}],"inLanguage":"fr-FR"}]}},"_links":{"self":[{"href":"https:\/\/www.diamond-consult.com\/consultant\/wp-json\/wp\/v2\/pages\/3165"}],"collection":[{"href":"https:\/\/www.diamond-consult.com\/consultant\/wp-json\/wp\/v2\/pages"}],"about":[{"href":"https:\/\/www.diamond-consult.com\/consultant\/wp-json\/wp\/v2\/types\/page"}],"author":[{"embeddable":true,"href":"https:\/\/www.diamond-consult.com\/consultant\/wp-json\/wp\/v2\/users\/1"}],"replies":[{"embeddable":true,"href":"https:\/\/www.diamond-consult.com\/consultant\/wp-json\/wp\/v2\/comments?post=3165"}],"version-history":[{"count":33,"href":"https:\/\/www.diamond-consult.com\/consultant\/wp-json\/wp\/v2\/pages\/3165\/revisions"}],"predecessor-version":[{"id":3221,"href":"https:\/\/www.diamond-consult.com\/consultant\/wp-json\/wp\/v2\/pages\/3165\/revisions\/3221"}],"wp:attachment":[{"href":"https:\/\/www.diamond-consult.com\/consultant\/wp-json\/wp\/v2\/media?parent=3165"}],"curies":[{"name":"wp","href":"https:\/\/api.w.org\/{rel}","templated":true}]}}