{"id":3383,"date":"2020-02-26T14:23:17","date_gmt":"2020-02-26T13:23:17","guid":{"rendered":"http:\/\/www.diamond-consult.com\/consultant\/assistance-a-maitrise-douvrage-copy\/"},"modified":"2022-05-04T15:47:32","modified_gmt":"2022-05-04T13:47:32","slug":"appuiconseilafdas","status":"publish","type":"page","link":"https:\/\/www.diamond-consult.com\/consultant\/appuiconseilafdas\/","title":{"rendered":"Appui Conseil \u00e0 la transformation digitale partenariat AFDAS"},"content":{"rendered":"<p>[vc_section css=\u00a0\u00bb.vc_custom_1497455841382{border-bottom-width: 1px !important;background-color: #f7f8fa !important;border-bottom-color: #dddddd !important;border-bottom-style: solid !important;}\u00a0\u00bb][vc_row][vc_column]<div class=\"wpb_content_element \"><style type=\"text\/css\" scoped><\/style><header id=\"ut_header_69f7da52a4fcf\" class=\"section-header ut-no-title-linebreak-mobile ut-no-lead-linebreak-mobile pt-style-7 header-center element-with-custom-line-height\"><h2  class=\"section-title \"><span><b>Appui Conseil \u00e0 la transformation digitale AFDAS<\/b><\/span><\/h2><div data-delay=\"0\" class=\"lead \"><p>\u00ab\u00a0Un virage num\u00e9rique bien n\u00e9goci\u00e9\u00a0\u00bb<\/p>\n<\/div><\/header><\/div>[\/vc_column][\/vc_row][vc_row][vc_column width=\u00a0\u00bb1\/2&Prime;][vc_column_text el_class=\u00a0\u00bbjustifier\u00a0\u00bb]<\/p>\n<h2>Vous dirigez une structure adh\u00e9rente \u00e0 l&rsquo;AFDAS.<\/h2>\n<p>Votre temps est pr\u00e9cieux et vous voulez d\u00e9velopper l\u2019activit\u00e9 de votre entreprise.<\/p>\n<p>La transformation digitale repr\u00e9sente un enjeu capital pour les organisations.<\/p>\n<p>C&rsquo;est un vrai d\u00e9fi quant \u00e0 sa mise en \u0153uvre.<\/p>\n<h5>Ainsi, nous vous accompagnons pour construire et mettre en \u0153uvre un plan d\u2019action op\u00e9rationnel pour r\u00e9ussir votre virage num\u00e9rique :<\/h5>\n<ul>\n<li>\n<h5>la strat\u00e9gie de transformation<\/h5>\n<\/li>\n<li>\n<h5>le changement de mod\u00e8le \u00e9conomique<\/h5>\n<\/li>\n<li>\n<h5>l\u2019organisation de l\u2019entreprise<\/h5>\n<\/li>\n<li>\n<h5>l\u2019adaptation des comp\u00e9tences<\/h5>\n<\/li>\n<li>\n<h5>l\u2019\u00e9volution de la culture de travail<\/h5>\n<\/li>\n<li>\n<h5>les pratiques manag\u00e9riales<\/h5>\n<\/li>\n<li>\n<h5>l&rsquo;optimisation de vos outils num\u00e9riques, sites et r\u00e9seaux sociaux.<\/h5>\n<\/li>\n<\/ul>\n<p>Nous proposons de travailler avec vous, en quatre phases, pas \u00e0 pas, \u00e0 la carte, personnalis\u00e9es en fonction de vos besoins.<\/p>\n<p>Cette approche garantit la qualit\u00e9 des diff\u00e9rentes phases et les ajustements \u00e9ventuels \u00e0 chaque phase.<\/p>\n<p><strong>Phase 1 &#8211; Pr\u00e9-diagnostic<\/strong><\/p>\n<p>D\u00e9couverte de votre organisation et son environnement.<\/p>\n<p>Cadrage de votre probl\u00e9matique et des objectifs de l\u2019accompagnement.<\/p>\n<p><strong>Phase 2 \u2013 Diagnostic et construction du plan d\u2019actions<\/strong><\/p>\n<p>Diagnostic et \u00e9tat des lieux des enjeux et de la maturit\u00e9 digitale dans votre entreprise.<\/p>\n<p>Impacts du digital sur le mod\u00e8le \u00e9conomique, sur l\u2019organisation et sur les ressources humaines et d\u2019autre part, les conditions de r\u00e9ussite et les leviers d\u2019actions<\/p>\n<p><strong>Phase 3 \u2013 Accompagnement \u00e0 la mise en \u0153uvre<\/strong><\/p>\n<p>Accompagnement dans la mise en \u0153uvre du plan d\u2019actions op\u00e9rationnel pour r\u00e9ussir la transformation digitale en :<\/p>\n<ul>\n<li>adaptant le mod\u00e8le \u00e9conomique et l\u2019organisation de l\u2019entreprise,<\/li>\n<li>identifiant les m\u00e9tiers et comp\u00e9tences impact\u00e9s par la transformation digitale,<\/li>\n<li>d\u00e9finissant une politique de d\u00e9veloppement de l\u2019emploi et des comp\u00e9tences adapt\u00e9e pour atteindre les objectifs strat\u00e9giques du projet de transformation digitale.<\/li>\n<\/ul>\n<p><strong>Phase 4 &#8211; Suivi du plan d\u2019actions<\/strong><\/p>\n<p>Bilan avec vous pour \u00e9valuer les actions mises en \u0153uvre (3 \u00e0 6 mois apr\u00e8s la validation du plan d\u2019actions).<\/p>\n<p>\u00c0 l\u2019issue de la prestation : l\u2019Afdas vous adresse un questionnaire pour \u00e9valuer la prestation et le prestataire.<\/p>\n<p>A partir de la phase 2, un conseiller de l&rsquo;Afdas pourra \u00eatre sollicit\u00e9 par le prestataire :<\/p>\n<ul>\n<li>dans la r\u00e9flexion et l&rsquo;\u00e9laboration du plan d&rsquo;actions en lien avec le\u00a0 recrutement (y compris en alternance) et la\u00a0 formation \/ le d\u00e9veloppement des comp\u00e9tences,<\/li>\n<li>pour le financement de vos actions de formation.<\/li>\n<\/ul>\n<ul>\n<li>Diagnostic<\/li>\n<\/ul>\n<h3>Nos valeurs ajout\u00e9es :<\/h3>\n<p>Une compl\u00e9mentarit\u00e9 d&rsquo;expertises, avec <a href=\"http:\/\/rdformationpro.eu\/\" target=\"_blank\" rel=\"noopener noreferrer\">R\u00e9gine Djalo<\/a>, au service de vos probl\u00e9matiques.<\/p>\n<p>Financement par votre OPCA : l&rsquo;AFDAS voir leur <a href=\"https:\/\/www.afdas.com\/entreprises\/services\/professionnaliser\/prestations-appui-conseil\/appui-conseil-digital\" target=\"_blank\" rel=\"noopener noreferrer\">proposition<\/a>[\/vc_column_text][\/vc_column][vc_column width=\u00a0\u00bb1\/2&Prime;]<div  class=\"wpb_content_element   clearfix\"><style type=\"text\/css\" scoped>#ut_am_69f7da52a5b2d { opacity: 1; }<\/style><div id=\"ut_am_wrap_69f7da52a5b2f\" class=\"ut-image-gallery-image \" style=\"text-align:center;\"><div class=\"ut-animated-image-item ut-image-gallery-item ut-animation-done\"><a class=\"ut-deactivated-link\" href=\"#\"><img loading=\"lazy\" decoding=\"async\"  id=\"ut_am_69f7da52a5b2d\" style=\"\" src=\"https:\/\/www.diamond-consult.com\/consultant\/wp-content\/uploads\/2020\/02\/Diamond-consult-Afdas-Proposition-Appui-Conseil-Dahlir.png\" width=\"960\" height=\"720\" alt=\"Rebondir apr\u00e8s le confinement\"\/><div class=\"ut-image-gallery-image-caption\"><div class=\"ut-image-gallery-item-caption-title\"><h3>G\u00e9rer la crise sanitaire<\/h3><\/div><\/div><\/a><\/div><\/div><\/div>[\/vc_column][\/vc_row][\/vc_section][vc_row][vc_column][vc_column_text]<div data-post-id=\"2563\" class=\"insert-page insert-page-2563 \"><style type=\"text\/css\" data-type=\"vc_shortcodes-custom-css\">.vc_custom_1505219378801{border-bottom-width: 1px !important;background-color: #f7f8fa !important;border-bottom-color: #dddddd !important;border-bottom-style: solid !important;}<\/style><p>[vc_row][vc_column][vc_column_text][\/vc_column_text][\/vc_column][\/vc_row][vc_section css=\u00a0\u00bb.vc_custom_1505219378801{border-bottom-width: 1px !important;background-color: #f7f8fa !important;border-bottom-color: #dddddd !important;border-bottom-style: solid !important;}\u00a0\u00bb el_id=\u00a0\u00bboffres\u00a0\u00bb][vc_row effect=\u00a0\u00bbnone\u00a0\u00bb][vc_column width=\u00a0\u00bb1\/4&Prime; offset=\u00a0\u00bbvc_col-lg-3 vc_col-md-6 vc_col-sm-6 vc_col-xs-12&Prime;]<div class=\"wpb_content_element \"><style type=\"text\/css\" scoped>#ut_sc_69f7da52a7c28 .ut-service-column a.ut-service-column-link { font-size: 12px; }#ut-svg-69f7da52a7c2a { display:none; }#ut-svg-69f7da52a7c2a.ut-svg-loaded { display:block; }#ut-svg-69f7da52a7c2a path { stroke:#9b335d; }<\/style><div id=\"ut_sc_69f7da52a7c28\" data-effect=\"fadeInUp\" data-animateonce=\"yes\" data-delay=\"50\" class=\"ut-horizontal-style-align-left  clearfix  ut-animate-element animated ut-no-animation-tablet ut-no-animation-mobile\" ><figure class=\"ut-service-icon ut-custom-icon  ut-service-icon-normal ut-service-icon-large\"><img alt=\"<strong>Strat\u00e9gie<\/strong>, Assistance \u00e0 la <b>maitrise<\/b> d'ouvrage\" src=\"https:\/\/www.diamond-consult.com\/consultant\/wp-content\/uploads\/2021\/08\/engrenages.svg\"><\/figure><div class=\"ut-service-column ut-service-column-horiz\"><h3><strong>Strat\u00e9gie<\/strong>, Assistance \u00e0 la <b>maitrise<\/b> d'ouvrage<\/h3><p>AMOA.<\/p><a class=\"ut-service-column-link ut-service-column-link-icon-before\" title=\"En savoir plus\" href=\"http:\/\/www.diamond-consult.com\/consultant\/assistance-a-maitrise-douvrage\/\" target=\"_self\" ><i class=\"BklynIcons-First-ad\"><\/i>En savoir plus<\/a><\/div><\/div><\/div>[\/vc_column][vc_column width=\u00a0\u00bb1\/4&Prime; offset=\u00a0\u00bbvc_col-lg-3 vc_col-md-6 vc_col-sm-6 vc_col-xs-12&Prime;]<div class=\"wpb_content_element \"><style type=\"text\/css\" scoped>#ut_sc_69f7da52a801a .ut-service-column a.ut-service-column-link { font-size: 12px; }#ut-svg-69f7da52a801b { display:none; }#ut-svg-69f7da52a801b.ut-svg-loaded { display:block; }#ut-svg-69f7da52a801b path { stroke:#9b335d; }<\/style><div id=\"ut_sc_69f7da52a801a\" data-effect=\"fadeInUp\" data-animateonce=\"yes\" data-delay=\"50\" class=\"ut-horizontal-style-align-left  clearfix  ut-animate-element animated ut-no-animation-tablet ut-no-animation-mobile\" ><figure class=\"ut-service-icon ut-custom-icon  ut-service-icon-normal ut-service-icon-large\"><img alt=\"<b>Pilotage<\/b> de projets\" src=\"https:\/\/www.diamond-consult.com\/consultant\/wp-content\/uploads\/2021\/08\/outil-digital.svg\"><\/figure><div class=\"ut-service-column ut-service-column-horiz\"><h3><b>Pilotage<\/b> de projets<\/h3><p>Direction de programmes<\/p><a class=\"ut-service-column-link ut-service-column-link-icon-before\" title=\"En savoir plus\" href=\"http:\/\/www.diamond-consult.com\/consultant\/pilotage-de-projets\/\" target=\"_self\" ><i class=\"BklynIcons-First-ad\"><\/i>En savoir plus<\/a><\/div><\/div><\/div>[\/vc_column][vc_column width=\u00a0\u00bb1\/4&Prime; offset=\u00a0\u00bbvc_col-lg-3 vc_col-md-6 vc_col-sm-6 vc_col-xs-12&Prime;]<div class=\"wpb_content_element \"><style type=\"text\/css\" scoped>#ut_sc_69f7da52a83aa .ut-service-column a.ut-service-column-link { font-size: 12px; }#ut-svg-69f7da52a83ac { display:none; }#ut-svg-69f7da52a83ac.ut-svg-loaded { display:block; }#ut-svg-69f7da52a83ac path { stroke:#9b335d; }<\/style><div id=\"ut_sc_69f7da52a83aa\" data-effect=\"fadeInUp\" data-animateonce=\"yes\" data-delay=\"50\" class=\"ut-horizontal-style-align-left  clearfix  ut-animate-element animated ut-no-animation-tablet ut-no-animation-mobile\" ><figure class=\"ut-service-icon ut-custom-icon  ut-service-icon-normal ut-service-icon-large\"><img alt=\"<b>Management<\/b>, Intelligence collective\" src=\"https:\/\/www.diamond-consult.com\/consultant\/wp-content\/uploads\/2021\/08\/outil-de-gestion.svg\"><\/figure><div class=\"ut-service-column ut-service-column-horiz\"><h3><b>Management<\/b>, Intelligence collective<\/h3><p>Management de vos \u00e9quipes et management de l&rsquo;innovation.<\/p><a class=\"ut-service-column-link ut-service-column-link-icon-before\" title=\"En savoir plus\" href=\"http:\/\/www.diamond-consult.com\/consultant\/management\/\" target=\"_self\" ><i class=\"BklynIcons-First-ad\"><\/i>En savoir plus<\/a><\/div><\/div><\/div>[\/vc_column][vc_column width=\u00a0\u00bb1\/4&Prime; offset=\u00a0\u00bbvc_col-lg-3 vc_col-md-6 vc_col-sm-6 vc_col-xs-12&Prime;]<div class=\"wpb_content_element \"><style type=\"text\/css\" scoped>#ut_sc_69f7da52a8702 .ut-service-column a.ut-service-column-link { font-size: 12px; }#ut-svg-69f7da52a8703 { display:none; }#ut-svg-69f7da52a8703.ut-svg-loaded { display:block; }#ut-svg-69f7da52a8703 path { stroke:#9b335d; }<\/style><div id=\"ut_sc_69f7da52a8702\" data-effect=\"fadeInUp\" data-animateonce=\"yes\" data-delay=\"50\" class=\"ut-horizontal-style-align-left  clearfix  ut-animate-element animated ut-no-animation-tablet ut-no-animation-mobile\" ><figure class=\"ut-service-icon ut-custom-icon  ut-service-icon-normal ut-service-icon-large\"><img alt=\"<strong>Formation<\/strong>\" src=\"https:\/\/www.diamond-consult.com\/consultant\/wp-content\/uploads\/2021\/08\/inclusion.svg\"><\/figure><div class=\"ut-service-column ut-service-column-horiz\"><h3><strong>Formation<\/strong><\/h3><p>Formation Intra et Inter-entreprises, formation Jeunes.<\/p><a class=\"ut-service-column-link ut-service-column-link-icon-before\" title=\"En savoir plus\" href=\"http:\/\/www.diamond-consult.com\/consultant\/formation\/\" target=\"_self\" ><i class=\"BklynIcons-First-ad\"><\/i>En savoir plus<\/a><\/div><\/div><\/div>[\/vc_column][\/vc_row][vc_row disable_element=\u00a0\u00bbyes\u00a0\u00bb][vc_column]<div class=\"wpb_content_element \"><\/div>[\/vc_column][\/vc_row][\/vc_section]<\/p>\n<\/div>\n<p>[\/vc_column_text][\/vc_column][\/vc_row]<\/p>\n","protected":false},"excerpt":{"rendered":"<p>[vc_section css=\u00a0\u00bb.vc_custom_1497455841382{border-bottom-width: 1px !important;background-color: #f7f8fa !important;border-bottom-color: #dddddd !important;border-bottom-style: solid !important;}\u00a0\u00bb][vc_row][vc_column][\/vc_column][\/vc_row][vc_row][vc_column width=\u00a0\u00bb1\/2&Prime;][vc_column_text el_class=\u00a0\u00bbjustifier\u00a0\u00bb] Vous dirigez une structure adh\u00e9rente \u00e0 l&rsquo;AFDAS. Votre temps est pr\u00e9cieux et vous voulez d\u00e9velopper l\u2019activit\u00e9 de votre entreprise. La transformation digitale repr\u00e9sente un enjeu capital pour les organisations. C&rsquo;est un vrai d\u00e9fi quant \u00e0 sa mise en \u0153uvre. Ainsi, nous vous accompagnons [&hellip;]<\/p>\n","protected":false},"author":1,"featured_media":3404,"parent":0,"menu_order":0,"comment_status":"closed","ping_status":"closed","template":"","meta":{"footnotes":""},"yoast_head":"<!-- This site is optimized with the Yoast SEO plugin v22.9 - https:\/\/yoast.com\/wordpress\/plugins\/seo\/ -->\n<title>Appui Conseil \u00e0 la transformation digitale partenariat AFDAS - Diamond Consult<\/title>\n<meta name=\"description\" content=\"Strat\u00e9gie d\u2019am\u00e9lioration de la performance et pilotage de l\u2019excellence op\u00e9rationnelle, r\u00e9duction des co\u00fbts.\" \/>\n<meta name=\"robots\" content=\"index, follow, max-snippet:-1, max-image-preview:large, max-video-preview:-1\" \/>\n<link rel=\"canonical\" href=\"https:\/\/www.diamond-consult.com\/consultant\/appuiconseilafdas\/\" \/>\n<meta property=\"og:locale\" content=\"fr_FR\" \/>\n<meta property=\"og:type\" content=\"article\" \/>\n<meta property=\"og:title\" content=\"Appui Conseil \u00e0 la transformation digitale partenariat AFDAS - Diamond Consult\" \/>\n<meta property=\"og:description\" content=\"Strat\u00e9gie d\u2019am\u00e9lioration de la performance et pilotage de l\u2019excellence op\u00e9rationnelle, r\u00e9duction des co\u00fbts.\" \/>\n<meta property=\"og:url\" content=\"https:\/\/www.diamond-consult.com\/consultant\/appuiconseilafdas\/\" \/>\n<meta property=\"og:site_name\" content=\"Diamond Consult\" \/>\n<meta property=\"article:modified_time\" content=\"2022-05-04T13:47:32+00:00\" \/>\n<meta property=\"og:image\" content=\"https:\/\/www.diamond-consult.com\/consultant\/wp-content\/uploads\/2020\/02\/Diamond-consult-Afdas-Proposition-Appui-Conseil-Dahlir.png\" \/>\n\t<meta property=\"og:image:width\" content=\"960\" \/>\n\t<meta property=\"og:image:height\" content=\"720\" \/>\n\t<meta property=\"og:image:type\" content=\"image\/png\" \/>\n<meta name=\"twitter:card\" content=\"summary_large_image\" \/>\n<meta name=\"twitter:label1\" content=\"Dur\u00e9e de lecture estim\u00e9e\" \/>\n\t<meta name=\"twitter:data1\" content=\"3 minutes\" \/>\n<script type=\"application\/ld+json\" class=\"yoast-schema-graph\">{\"@context\":\"https:\/\/schema.org\",\"@graph\":[{\"@type\":\"WebPage\",\"@id\":\"https:\/\/www.diamond-consult.com\/consultant\/appuiconseilafdas\/\",\"url\":\"https:\/\/www.diamond-consult.com\/consultant\/appuiconseilafdas\/\",\"name\":\"Appui Conseil \u00e0 la transformation digitale partenariat AFDAS - Diamond Consult\",\"isPartOf\":{\"@id\":\"https:\/\/www.diamond-consult.com\/consultant\/#website\"},\"primaryImageOfPage\":{\"@id\":\"https:\/\/www.diamond-consult.com\/consultant\/appuiconseilafdas\/#primaryimage\"},\"image\":{\"@id\":\"https:\/\/www.diamond-consult.com\/consultant\/appuiconseilafdas\/#primaryimage\"},\"thumbnailUrl\":\"https:\/\/www.diamond-consult.com\/consultant\/wp-content\/uploads\/2020\/02\/Diamond-consult-Afdas-Proposition-Appui-Conseil-Dahlir.png\",\"datePublished\":\"2020-02-26T13:23:17+00:00\",\"dateModified\":\"2022-05-04T13:47:32+00:00\",\"description\":\"Strat\u00e9gie d\u2019am\u00e9lioration de la performance et pilotage de l\u2019excellence op\u00e9rationnelle, r\u00e9duction des co\u00fbts.\",\"breadcrumb\":{\"@id\":\"https:\/\/www.diamond-consult.com\/consultant\/appuiconseilafdas\/#breadcrumb\"},\"inLanguage\":\"fr-FR\",\"potentialAction\":[{\"@type\":\"ReadAction\",\"target\":[\"https:\/\/www.diamond-consult.com\/consultant\/appuiconseilafdas\/\"]}]},{\"@type\":\"ImageObject\",\"inLanguage\":\"fr-FR\",\"@id\":\"https:\/\/www.diamond-consult.com\/consultant\/appuiconseilafdas\/#primaryimage\",\"url\":\"https:\/\/www.diamond-consult.com\/consultant\/wp-content\/uploads\/2020\/02\/Diamond-consult-Afdas-Proposition-Appui-Conseil-Dahlir.png\",\"contentUrl\":\"https:\/\/www.diamond-consult.com\/consultant\/wp-content\/uploads\/2020\/02\/Diamond-consult-Afdas-Proposition-Appui-Conseil-Dahlir.png\",\"width\":960,\"height\":720,\"caption\":\"G\u00e9rer la crise sanitaire\"},{\"@type\":\"BreadcrumbList\",\"@id\":\"https:\/\/www.diamond-consult.com\/consultant\/appuiconseilafdas\/#breadcrumb\",\"itemListElement\":[{\"@type\":\"ListItem\",\"position\":1,\"name\":\"Accueil\",\"item\":\"https:\/\/www.diamond-consult.com\/consultant\/\"},{\"@type\":\"ListItem\",\"position\":2,\"name\":\"Appui Conseil \u00e0 la transformation digitale partenariat AFDAS\"}]},{\"@type\":\"WebSite\",\"@id\":\"https:\/\/www.diamond-consult.com\/consultant\/#website\",\"url\":\"https:\/\/www.diamond-consult.com\/consultant\/\",\"name\":\"Diamond Consult\",\"description\":\"Cr\u00e9ativit\u00e9 collective et transformation digitale\",\"potentialAction\":[{\"@type\":\"SearchAction\",\"target\":{\"@type\":\"EntryPoint\",\"urlTemplate\":\"https:\/\/www.diamond-consult.com\/consultant\/?s={search_term_string}\"},\"query-input\":\"required name=search_term_string\"}],\"inLanguage\":\"fr-FR\"}]}<\/script>\n<!-- \/ Yoast SEO plugin. -->","yoast_head_json":{"title":"Appui Conseil \u00e0 la transformation digitale partenariat AFDAS - Diamond Consult","description":"Strat\u00e9gie d\u2019am\u00e9lioration de la performance et pilotage de l\u2019excellence op\u00e9rationnelle, r\u00e9duction des co\u00fbts.","robots":{"index":"index","follow":"follow","max-snippet":"max-snippet:-1","max-image-preview":"max-image-preview:large","max-video-preview":"max-video-preview:-1"},"canonical":"https:\/\/www.diamond-consult.com\/consultant\/appuiconseilafdas\/","og_locale":"fr_FR","og_type":"article","og_title":"Appui Conseil \u00e0 la transformation digitale partenariat AFDAS - Diamond Consult","og_description":"Strat\u00e9gie d\u2019am\u00e9lioration de la performance et pilotage de l\u2019excellence op\u00e9rationnelle, r\u00e9duction des co\u00fbts.","og_url":"https:\/\/www.diamond-consult.com\/consultant\/appuiconseilafdas\/","og_site_name":"Diamond Consult","article_modified_time":"2022-05-04T13:47:32+00:00","og_image":[{"width":960,"height":720,"url":"https:\/\/www.diamond-consult.com\/consultant\/wp-content\/uploads\/2020\/02\/Diamond-consult-Afdas-Proposition-Appui-Conseil-Dahlir.png","type":"image\/png"}],"twitter_card":"summary_large_image","twitter_misc":{"Dur\u00e9e de lecture estim\u00e9e":"3 minutes"},"schema":{"@context":"https:\/\/schema.org","@graph":[{"@type":"WebPage","@id":"https:\/\/www.diamond-consult.com\/consultant\/appuiconseilafdas\/","url":"https:\/\/www.diamond-consult.com\/consultant\/appuiconseilafdas\/","name":"Appui Conseil \u00e0 la transformation digitale partenariat AFDAS - Diamond Consult","isPartOf":{"@id":"https:\/\/www.diamond-consult.com\/consultant\/#website"},"primaryImageOfPage":{"@id":"https:\/\/www.diamond-consult.com\/consultant\/appuiconseilafdas\/#primaryimage"},"image":{"@id":"https:\/\/www.diamond-consult.com\/consultant\/appuiconseilafdas\/#primaryimage"},"thumbnailUrl":"https:\/\/www.diamond-consult.com\/consultant\/wp-content\/uploads\/2020\/02\/Diamond-consult-Afdas-Proposition-Appui-Conseil-Dahlir.png","datePublished":"2020-02-26T13:23:17+00:00","dateModified":"2022-05-04T13:47:32+00:00","description":"Strat\u00e9gie d\u2019am\u00e9lioration de la performance et pilotage de l\u2019excellence op\u00e9rationnelle, r\u00e9duction des co\u00fbts.","breadcrumb":{"@id":"https:\/\/www.diamond-consult.com\/consultant\/appuiconseilafdas\/#breadcrumb"},"inLanguage":"fr-FR","potentialAction":[{"@type":"ReadAction","target":["https:\/\/www.diamond-consult.com\/consultant\/appuiconseilafdas\/"]}]},{"@type":"ImageObject","inLanguage":"fr-FR","@id":"https:\/\/www.diamond-consult.com\/consultant\/appuiconseilafdas\/#primaryimage","url":"https:\/\/www.diamond-consult.com\/consultant\/wp-content\/uploads\/2020\/02\/Diamond-consult-Afdas-Proposition-Appui-Conseil-Dahlir.png","contentUrl":"https:\/\/www.diamond-consult.com\/consultant\/wp-content\/uploads\/2020\/02\/Diamond-consult-Afdas-Proposition-Appui-Conseil-Dahlir.png","width":960,"height":720,"caption":"G\u00e9rer la crise sanitaire"},{"@type":"BreadcrumbList","@id":"https:\/\/www.diamond-consult.com\/consultant\/appuiconseilafdas\/#breadcrumb","itemListElement":[{"@type":"ListItem","position":1,"name":"Accueil","item":"https:\/\/www.diamond-consult.com\/consultant\/"},{"@type":"ListItem","position":2,"name":"Appui Conseil \u00e0 la transformation digitale partenariat AFDAS"}]},{"@type":"WebSite","@id":"https:\/\/www.diamond-consult.com\/consultant\/#website","url":"https:\/\/www.diamond-consult.com\/consultant\/","name":"Diamond Consult","description":"Cr\u00e9ativit\u00e9 collective et transformation digitale","potentialAction":[{"@type":"SearchAction","target":{"@type":"EntryPoint","urlTemplate":"https:\/\/www.diamond-consult.com\/consultant\/?s={search_term_string}"},"query-input":"required name=search_term_string"}],"inLanguage":"fr-FR"}]}},"_links":{"self":[{"href":"https:\/\/www.diamond-consult.com\/consultant\/wp-json\/wp\/v2\/pages\/3383"}],"collection":[{"href":"https:\/\/www.diamond-consult.com\/consultant\/wp-json\/wp\/v2\/pages"}],"about":[{"href":"https:\/\/www.diamond-consult.com\/consultant\/wp-json\/wp\/v2\/types\/page"}],"author":[{"embeddable":true,"href":"https:\/\/www.diamond-consult.com\/consultant\/wp-json\/wp\/v2\/users\/1"}],"replies":[{"embeddable":true,"href":"https:\/\/www.diamond-consult.com\/consultant\/wp-json\/wp\/v2\/comments?post=3383"}],"version-history":[{"count":10,"href":"https:\/\/www.diamond-consult.com\/consultant\/wp-json\/wp\/v2\/pages\/3383\/revisions"}],"predecessor-version":[{"id":4069,"href":"https:\/\/www.diamond-consult.com\/consultant\/wp-json\/wp\/v2\/pages\/3383\/revisions\/4069"}],"wp:featuredmedia":[{"embeddable":true,"href":"https:\/\/www.diamond-consult.com\/consultant\/wp-json\/wp\/v2\/media\/3404"}],"wp:attachment":[{"href":"https:\/\/www.diamond-consult.com\/consultant\/wp-json\/wp\/v2\/media?parent=3383"}],"curies":[{"name":"wp","href":"https:\/\/api.w.org\/{rel}","templated":true}]}}